{"id":509,"date":"2016-05-11T13:48:28","date_gmt":"2016-05-11T13:48:28","guid":{"rendered":"http:\/\/wpoffice\/enfold-fitness\/?page_id=509"},"modified":"2024-09-23T19:30:44","modified_gmt":"2024-09-23T22:30:44","slug":"modelos","status":"publish","type":"page","link":"https:\/\/brtrailer.com.br\/index.php\/modelos\/","title":{"rendered":"Modelos"},"content":{"rendered":"<div id='av_section_1'  class='avia-section main_color avia-section-large avia-no-border-styling  avia-bg-style-scroll  avia-builder-el-0  el_before_av_masonry_entries  avia-builder-el-first   container_wrap sidebar_right' style=' '  ><div class='container' ><main  role=\"main\" itemprop=\"mainContentOfPage\"  class='template-page content  av-content-small alpha units'><div class='post-entry post-entry-type-page post-entry-509'><div class='entry-content-wrapper clearfix'>\n<div  style='padding-bottom:30px; font-size:70px;' class='av-special-heading av-special-heading-h1  blockquote modern-quote  avia-builder-el-1  el_before_av_one_half  avia-builder-el-first  av-thin-font av-inherit-size '><h1 class='av-special-heading-tag '  itemprop=\"headline\"  >Nossos Modelos<strong>.<\/strong><\/h1><div class='special-heading-border'><div class='special-heading-inner-border' ><\/div><\/div><\/div>\n<div class=\"flex_column av_one_half  flex_column_div av-zero-column-padding first  avia-builder-el-2  el_after_av_heading  el_before_av_one_half  \" style='border-radius:0px; '><section class=\"av_textblock_section \"  itemscope=\"itemscope\" itemtype=\"https:\/\/schema.org\/CreativeWork\" ><div class='avia_textblock  '   itemprop=\"text\" ><p>Investimos no desenvolvimento de projetos bem elaborados, em conformidade com as normas regulamentadoras, e sempre atentos aos gostos e vontades dos nossos clientes.<br \/>\nA nossa miss\u00e3o \u00e9 satisfazer o cliente!<\/p>\n<\/div><\/section><\/div><div class=\"flex_column av_one_half  flex_column_div av-zero-column-padding   avia-builder-el-4  el_after_av_one_half  el_before_av_hr  \" style='border-radius:0px; '><section class=\"av_textblock_section \"  itemscope=\"itemscope\" itemtype=\"https:\/\/schema.org\/CreativeWork\" ><div class='avia_textblock  '   itemprop=\"text\" ><p>Estamos localizados na cidade de Palho\u00e7a e atendemos a todo o Brasil. Para saber mais sobre a f\u00e1brica de Trailers entre em contato conosco atrav\u00e9s dos nossos canais (telefone, WhatsApp ou e-mail) e agende a sua visita. Ser\u00e1 um prazer colaborar para o seu sucesso!<\/p>\n<\/div><\/section><\/div><div  style='height:50px' class='hr hr-invisible   avia-builder-el-6  el_after_av_one_half  avia-builder-el-last '><span class='hr-inner ' ><span class='hr-inner-style'><\/span><\/span><\/div>\n\n<div id='av-masonry-1' class='av-masonry  noHover av-fixed-size av-large-gap av-hover-overlay-active av-masonry-animation-active av-masonry-col-2 av-caption-always av-caption-style-    ' style='background-color:#191919; ' ><div class='av-masonry-container isotope av-js-disabled ' ><div class='av-masonry-entry isotope-item av-masonry-item-no-image '><\/div><a href=\"https:\/\/brtrailer.com.br\/index.php\/portfolio\/3x2metros\/\" id='av-masonry-1-item-576' data-av-masonry-item='576' class='av-masonry-entry isotope-item post-576 portfolio type-portfolio status-publish has-post-thumbnail hentry portfolio_entries-trailers  av-masonry-item-with-image' title=\"WhatsApp Image 2022-09-16 at 11.23.49\"  itemscope=\"itemscope\" itemtype=\"https:\/\/schema.org\/CreativeWork\" ><div class='av-inner-masonry-sizer'><\/div><figure class='av-inner-masonry main_color'><div class=\"av-masonry-outerimage-container\"><div class=\"av-masonry-image-container\" style=\"background-image: url(https:\/\/brtrailer.com.br\/wp-content\/uploads\/2016\/05\/WhatsApp-Image-2022-09-16-at-11.23.49-705x529.jpeg);\" title=\"WhatsApp Image 2022-09-16 at 11.23.49\" ><\/div><\/div><figcaption class='av-inner-masonry-content site-background'><div class='av-inner-masonry-content-pos'><div class='av-inner-masonry-content-pos-content'><div class='avia-arrow'><\/div><h3 class='av-masonry-entry-title entry-title '  itemprop=\"headline\" >TRAILER &#8211; 3X2 Metros<\/h3><div class='av-masonry-entry-content entry-content'  itemprop=\"text\" >BR Trailer Modelo 3X2 Metros<\/div><\/div><\/div><\/figcaption><\/figure><\/a><!--end av-masonry entry--><a href=\"https:\/\/brtrailer.com.br\/index.php\/portfolio\/4x2metros\/\" id='av-masonry-1-item-580' data-av-masonry-item='580' class='av-masonry-entry isotope-item post-580 portfolio type-portfolio status-publish has-post-thumbnail hentry portfolio_entries-trailers  av-masonry-item-with-image' title=\"BR Trailers e Food Trucks (11)\"  itemscope=\"itemscope\" itemtype=\"https:\/\/schema.org\/CreativeWork\" ><div class='av-inner-masonry-sizer'><\/div><figure class='av-inner-masonry main_color'><div class=\"av-masonry-outerimage-container\"><div class=\"av-masonry-image-container\" style=\"background-image: url(https:\/\/brtrailer.com.br\/wp-content\/uploads\/2024\/09\/BR-Trailers-e-Food-Trucks-11-705x529.jpg);\" title=\"BR Trailers e Food Trucks (11)\" ><\/div><\/div><figcaption class='av-inner-masonry-content site-background'><div class='av-inner-masonry-content-pos'><div class='av-inner-masonry-content-pos-content'><div class='avia-arrow'><\/div><h3 class='av-masonry-entry-title entry-title '  itemprop=\"headline\" >TRAILER &#8211; 4X2 Metros<\/h3><div class='av-masonry-entry-content entry-content'  itemprop=\"text\" >BR Trailer Modelo 4X2 Metros<\/div><\/div><\/div><\/figcaption><\/figure><\/a><!--end av-masonry entry--><a href=\"https:\/\/brtrailer.com.br\/index.php\/portfolio\/trailer-2-50x1-60-metros\/\" id='av-masonry-1-item-1498' data-av-masonry-item='1498' class='av-masonry-entry isotope-item post-1498 portfolio type-portfolio status-publish has-post-thumbnail hentry portfolio_entries-trailers  av-masonry-item-with-image' title=\"WhatsApp Image 2022-09-05 at 11.37.32\"  itemscope=\"itemscope\" itemtype=\"https:\/\/schema.org\/CreativeWork\" ><div class='av-inner-masonry-sizer'><\/div><figure class='av-inner-masonry main_color'><div class=\"av-masonry-outerimage-container\"><div class=\"av-masonry-image-container\" style=\"background-image: url(https:\/\/brtrailer.com.br\/wp-content\/uploads\/2022\/09\/WhatsApp-Image-2022-09-05-at-11.37.32-1-e1727130251453-705x529.jpeg);\" title=\"WhatsApp Image 2022-09-05 at 11.37.32\" ><\/div><\/div><figcaption class='av-inner-masonry-content site-background'><div class='av-inner-masonry-content-pos'><div class='av-inner-masonry-content-pos-content'><div class='avia-arrow'><\/div><h3 class='av-masonry-entry-title entry-title '  itemprop=\"headline\" >TRAILER &#8211; 2.50X1.60 Metros<\/h3><div class='av-masonry-entry-content entry-content'  itemprop=\"text\" >BR Trailer Modelo 2.50X1.60 Metros<\/div><\/div><\/div><\/figcaption><\/figure><\/a><!--end av-masonry entry--><a href=\"https:\/\/brtrailer.com.br\/index.php\/portfolio\/trailer-5x2-20-metros\/\" id='av-masonry-1-item-1514' data-av-masonry-item='1514' class='av-masonry-entry isotope-item post-1514 portfolio type-portfolio status-publish has-post-thumbnail hentry portfolio_entries-trailers  av-masonry-item-with-image' title=\"BR Trailers e Food Trucks (51)\"  itemscope=\"itemscope\" itemtype=\"https:\/\/schema.org\/CreativeWork\" ><div class='av-inner-masonry-sizer'><\/div><figure class='av-inner-masonry main_color'><div class=\"av-masonry-outerimage-container\"><div class=\"av-masonry-image-container\" style=\"background-image: url(https:\/\/brtrailer.com.br\/wp-content\/uploads\/2024\/09\/BR-Trailers-e-Food-Trucks-51-705x529.jpg);\" title=\"BR Trailers e Food Trucks (51)\" ><\/div><\/div><figcaption class='av-inner-masonry-content site-background'><div class='av-inner-masonry-content-pos'><div class='av-inner-masonry-content-pos-content'><div class='avia-arrow'><\/div><h3 class='av-masonry-entry-title entry-title '  itemprop=\"headline\" >TRAILER \u2013 5X2.20 Metros<\/h3><div class='av-masonry-entry-content entry-content'  itemprop=\"text\" >BR Trailer Modelo 5X2.20 ou at\u00e9 6X2.50 Metros<\/div><\/div><\/div><\/figcaption><\/figure><\/a><!--end av-masonry entry--><\/div><\/div>\n","protected":false},"excerpt":{"rendered":"<p>Nossos modelos de trailers.<\/p>\n","protected":false},"author":1,"featured_media":0,"parent":0,"menu_order":0,"comment_status":"closed","ping_status":"closed","template":"","meta":{"_joinchat":[]},"_links":{"self":[{"href":"https:\/\/brtrailer.com.br\/index.php\/wp-json\/wp\/v2\/pages\/509"}],"collection":[{"href":"https:\/\/brtrailer.com.br\/index.php\/wp-json\/wp\/v2\/pages"}],"about":[{"href":"https:\/\/brtrailer.com.br\/index.php\/wp-json\/wp\/v2\/types\/page"}],"author":[{"embeddable":true,"href":"https:\/\/brtrailer.com.br\/index.php\/wp-json\/wp\/v2\/users\/1"}],"replies":[{"embeddable":true,"href":"https:\/\/brtrailer.com.br\/index.php\/wp-json\/wp\/v2\/comments?post=509"}],"version-history":[{"count":6,"href":"https:\/\/brtrailer.com.br\/index.php\/wp-json\/wp\/v2\/pages\/509\/revisions"}],"predecessor-version":[{"id":2056,"href":"https:\/\/brtrailer.com.br\/index.php\/wp-json\/wp\/v2\/pages\/509\/revisions\/2056"}],"wp:attachment":[{"href":"https:\/\/brtrailer.com.br\/index.php\/wp-json\/wp\/v2\/media?parent=509"}],"curies":[{"name":"wp","href":"https:\/\/api.w.org\/{rel}","templated":true}]}}